 hundreds digit of 171214933?
9
What is the ten millions digit of 23247840?
2
What is the millions digit of 554869757?
4
What is the hundreds digit of 578471084?
0
What is the tens digit of 806583371?
7
What is the ten thousands digit of 6909656139?
5
What is the thousands digit of 84870314?
0
What is the hundred thousands digit of 86675284?
6
What is the ten millions digit of 439362640?
3
What is the tens digit of 74875958?
5
What is the thousands digit of 51338659?
8
What is the millions digit of 2163082601?
3
What is the units digit of 60607728?
8
What is the ten millions digit of 36480076?
3
What is the hundreds digit of 203870798?
7
What is the hundreds digit of 1389100759?
7
What is the ten thousands digit of 6900401900?
0
What is the hundred millions digit of 494317542?
4
What is the thousands digit of 147331796?
1
What is the ten thousands digit of 2208876569?
7
What is the tens digit of 1357233622?
2
What is the hundred thousands digit of 8436234?
4
What is the ten thousands digit of 21786926?
8
What is the tens digit of 23334450?
5
What is the hundreds digit of 257532691?
6
What is the hundreds digit of 421104521?
5
What is the hundreds digit of 229183284?
2
What is the units digit of 680919343?
3
What is the ten thousands digit of 93212094?
1
What is the hundred thousands digit of 68659447?
6
What is the hundred thousands digit of 1338871?
3
What is the hundred thousands digit of 8259528?
2
What is the hundred millions digit of 539721475?
5
What is the tens digit of 629562982?
8
What is the ten thousands digit of 823145540?
4
What is the hundreds digit of 14565708?
7
What is the hundreds digit of 17003762?
7
What is the hundred thousands digit of 1462597148?
5
What is the ten thousands digit of 1206651151?
5
What is the hundred thousands digit of 3292536770?
5
What is the thousands digit of 103574515?
4
What is the thousands digit of 1384219190?
9
What is the millions digit of 1037595465?
7
What is the ten millions digit of 4425684594?
2
What is the units digit of 850145897?
7
What is the thousands digit of 88112194?
2
What is the tens digit of 139394325?
2
What is the ten thousands digit of 11118114?
1
What is the hundred millions digit of 221908909?
2
What is the ten millions digit of 1182589506?
8
What is the tens digit of 15821634?
3
What is the thousands digit of 1783464314?
4
What is the ten thousands digit of 833715246?
1
What is the tens digit of 58671139?
3
What is the hundred millions digit of 637428260?
6
What is the ten thousands digit of 376227445?
2
What is the ten thousands digit of 278275961?
7
What is the tens digit of 285619496?
9
What is the ten millions digit of 1066306402?
6
What is the thousands digit of 870455088?
5
What is the tens digit of 115740787?
8
What is the units digit of 18747865?
5
What is the units digit of 3732420610?
0
What is the hundreds digit of 317475682?
6
What is the ten thousands digit of 1307473590?
7
What is the ten millions digit of 124143731?
2
What is the hundred thousands digit of 23962247?
9
What is the ten thousands digit of 860002499?
0
What is the millions digit of 7169176035?
9
What is the units digit of 51399395?
5
What is the millions digit of 203441021?
3
What is the hundred thousands digit of 393655501?
6
What is the ten thousands digit of 61321307?
2
What is the units digit of 891946630?
0
What is the hundred thousands digit of 4276324844?
3
What is the hundred millions digit of 121892401?
1
What is the millions digit of 9138039665?
8
What is the units digit of 51326629?
9
What is the hundred millions digit of 857974782?
8
What is the units digit of 561450974?
4
What is the units digit of 49820082?
2
What is the hundred thousands digit of 104555976?
5
What is the ten thousands digit of 70569440?
6
What is the hundred thousands digit of 1982671111?
6
What is the ten thousands digit of 1502774923?
7
What is the ten millions digit of 35552148?
3
What is the thousands digit of 402513835?
3
What is the tens digit of 32113001?
0
What is the tens digit of 233697054?
5
What is the hundred millions digit of 145112097?
1
What is the hundred thousands digit of 42977602?
9
What is the millions digit of 16922001?
6
What is the tens digit of 61485720?
2
What is the millions digit of 97012332?
7
What is the hundreds digit of 137686377?
3
What is the ten millions digit of 291236482?
9
What is the tens digit of 200240890?
9
What is the units digit of 67200368?
8
What is the millions digit of 166215842?
6
What is the ten thousands digit of 275250383?
5
What is the hundred millions digit of 671630030?
6
What is the millions digit of 100451439?
0
What is the hundred thousands digit of 87822386?
8
What is the hundred millions digit of 1136427597?
1
What is the ten thousands digit of 46085069?
8
What is the millions digit of 264770839?
4
What is the ten millions digit of 205920376?
0
What is the tens digit of 259994501?
0
What is the hundred thousands digit of 6325950?
3
What is the tens digit of 36291319?
1
What is the ten millions digit of 1593471751?
9
What is the ten millions digit of 2676237769?
7
What is the hundred millions digit of 458012748?
4
What is the hundred thousands digit of 129118302?
1
What is the hundred thousands digit of 31354136?
3
What is the hundred thousands digit of 1063852774?
8
What is the tens digit of 147783871?
7
What is the tens digit of 341994?
9
What is the ten thousands digit of 1749333909?
3
What is the thousands digit of 1025471282?
1
What is the ten thousands digit of 27908?
2
What is the units digit of 14399073?
3
What is the hundred millions digit of 722434577?
7
What is the hundred millions digit of 3468419190?
4
What is the hundreds digit of 5843760186?
1
What is the hundreds digit of 107178859?
8
What is the thousands digit of 2471061796?
1
What is the hundreds digit of 184458538?
5
What is the hundred millions digit of 114794609?
1
What is the tens digit of 1907050943?
4
What is the thousands digit of 98583991?
3
What is the ten thousands digit of 48400032?
0
What is the ten thousands digit of 3828585441?
8
What is the units digit of 178072815?
5
What is the millions digit of 5498774384?
8
What is the thousands digit of 1329244628?
4
What is the thousands digit of 251777067?
7
What is the hundred millions digit of 178725710?
1
What is the hundreds digit of 158353498?
4
What is the tens digit of 40990457?
5
What is the billions digit of 7816942260?
7
What is the millions digit of 6181076?
6
What is the millions digit of 59042976?
9
What is the hundreds digit of 45161607?
6
What is the ten thousands digit of 1283685735?
8
What is the hundreds digit of 40773115?
1
What is the ten thousands digit of 2148626499?
2
What is the ten thousands digit of 132182773?
8
What is the hundred millions digit of 700732979?
7
What is the hundreds digit of 56562606?
6
What is the units digit of 34293632?
2
What is the ten thousands digit of 6013676?
1
What is the hundreds digit of 43980660?
6
What is the hundreds digit of 18544162?
1
What is the ten millions digit of 42966562?
4
What is the tens digit of 50395887?
8
What is the ten millions digit of 34534198?
3
What is the hundred millions digit of 486960790?
4
What is the tens digit of 491556735?
3
What is the hundreds digit of 144228485?
4
What is the hundreds digit of 2387991358?
3
What is the hundred millions digit of 610012319?
6
What is the hundred thousands digit of 2348604202?
6
What is the tens digit of 178144242?
4
What is the thousands digit of 1218639203?
9
What is the ten millions digit of 5344171950?
4
What is the ten millions digit of 312486494?
1
What is the hundred millions digit of 1978977408?
9
What is the units digit of 118011684?
4
What is the millions digit of 1548172997?
8
What is the tens digit of 846929159?
5
What is the units digit of 572857028?
8
What is the millions digit of 24359481?
4
What is the units digit of 1750616137?
7
What is the units digit of 129796598?
8
What is the hundred thousands digit of 170853163?
8
What is the thousands digit of 35262001?
2
What is the thousands digit of 78486900?
6
What is the hundred millions digit of 1639929140?
6
What is the millions digit of 116647705?
6
What is the hundred thousands digit of 239130962?
1
What is the tens digit of 2920426235?
3
What 